l = 0 + i. What is the greatest common divisor of a and l?
1
Suppose 0 = -43*p + 39*p + 16. Let v(j) = 49*j + 3. Let h be v(5). Suppose h = p*i - 60. Calculate the highest common divisor of i and 11.
11
Let y be 0 + 4/(-2)*-3. Suppose y*o = 3*o. Suppose 2*b + 3*t - 29 = o, -b - 3*t = 3*b - 61. Calculate the greatest common factor of b and 32.
16
Let v = -4 + 9. Let f(p) = p**3 + 15*p**2 - 19*p - 38. Let q be f(-16). What is the greatest common factor of q and v?
5
Suppose 0 = -a + 3*a - 180. Suppose 5*l - 72 = 3*l. Calculate the greatest common divisor of l and a.
18
Let t be 3272/18 - (-4)/18. Let c be (4/6)/((-8)/(-312)). Calculate the greatest common divisor of c and t.
26
Let h(g) = 32*g**2 - g - 21. Let o be h(-4). What is the greatest common divisor of o and 45?
45
Suppose 5*j - 3 = 2. Let u(l) = 4*l + 1. Let b be u(j). What is the highest common factor of b and 40?
5
Let z(f) = f + 1. Let h be z(2). Let n be (1 - h) + (2 - -18). Calculate the highest common divisor of 198 and n.
18
Let u = 31 + -23. What is the highest common factor of 88 and u?
8
Suppose -89 = -5*d - 4*i, d + 5*i = -0*i + 1. Calculate the highest common divisor of 3 and d.
3
Let u(c) = c**3 + 6*c**2 + 2. Let g be u(-6). Suppose 3*b + g*b = 3*a - 45, 3*a = -2*b + 24. Calculate the greatest common divisor of 70 and a.
10
Let c be 1/((-3)/(-15))*1. Suppose 0 = -c*d - 0*d. Let p(u) = u**3 - u + 36. Let o be p(d). Calculate the greatest common divisor of 6 and o.
6
Let v = 213 + -122. Suppose -z - z + 26 = 0. What is the highest common divisor of v and z?
13
Suppose -5*d - 11 = 3*v + 11, 3*d + 12 = -3*v. Calculate the greatest common divisor of 9 and v.
1
Let k be 2*(-2)/(6/3). Let h = 2 + k. Suppose -2*j - 9 + 21 = h. What is the highest common factor of j and 3?
3
Suppose -125 = -2*r - 1. Calculate the greatest common divisor of 155 and r.
31
Let n = 113 + 52. What is the highest common divisor of 15 and n?
15
Suppose -18*o + 15*o = -12. Calculate the greatest common divisor of o and 1.
1
Suppose -3*j + 5*q = 2*q - 60, j - 19 = 2*q. Let f be 8 - (-3)/((-2)/(-2)). Let c = 3 + f. Calculate the highest common factor of j and c.
7
Let j(i) = -i**3 - 10*i**2 + 19*i + 15. Let y be j(-12). What is the greatest common factor of 25 and y?
25
Let x(h) = 9*h + 82. Let p be x(-7). Calculate the greatest common factor of 38 and p.
19
Let w(x) = 2*x**3 - 2*x**2 - 2*x + 2. Let q be w(2). Let z = 6 - 10. Let y be (-191)/z - (-7)/28. Calculate the greatest common divisor of q and y.
6
Suppose -6*n + 60 = -n. Let q = 4 - -1. Let g(i) = 2*i - 4. Let t be g(q). Calculate the highest common factor of n and t.
6
Let l be -9*(4 - 6) + 0. What is the greatest common factor of l and 162?
18
Let x(v) = v**2 - 9*v - 51. Let p be x(-6). Calculate the greatest common divisor of p and 52.
13
Let d = -364 - -464. Let r be 8/(2/(10*1)). Calculate the highest common factor of d and r.
20
Suppose -c = 4*t + 2, 5*c + 0*t = -3*t + 7. Suppose c*m - 60 = -0*m. What is the highest common factor of m and 20?
10
Suppose 0*w = -5*x + 5*w + 230, 2*x + 3*w - 107 = 0. Let y be 14/x + (-136)/(-14). What is the highest common divisor of y and 20?
10
Let g be (10/(-3))/(2/(-3)). Calculate the highest common factor of 35 and g.
5
Suppose 2*d + 0*d - 964 = 0. Suppose 3*j - 2*x = 284, 3*x - d = -5*j + 2*x. Let k be ((-7)/5 - 1)*-5. What is the highest common factor of j and k?
12
Let q(a) = -a**2 - 31*a - 18. Let x be q(-27). What is the highest common divisor of x and 18?
18
Let l(f) = -3 - 12*f - 25*f + 9*f. Suppose 4*z = -d - 0*z + 9, 5*d + 2*z = -9. Let s be l(d). Calculate the highest common factor of s and 9.
9
Suppose 42 = 5*x - 23. Suppose 3*m - 25 = -2*m + 5*l, -3*m = -2*l - x. Suppose m - 21 = -3*f. Calculate the highest common divisor of 18 and f.
6
Suppose 0 = -3*u - 3*l + 84, -2*u + 4*l - 8 = -76. Calculate the greatest common divisor of 6 and u.
6
Let p(y) = -y**2 - 8*y + 8. Let v be p(-7). Calculate the highest common divisor of v and 45.
15
Let f be 6/(-9) + 20/(-6). Let s be 3/12 - 571/f. Calculate the greatest common factor of 13 and s.
13
Let s(i) = i + 27. Let d be s(0). Let y = -32 + 35. Calculate the greatest common divisor of y and d.
3
Let w be (1 - 1) + (91 - 7). Suppose -2*o + 0*o = -w. What is the highest common divisor of 14 and o?
14
Suppose 34 = c - 22. What is the greatest common divisor of 28 and c?
28
Let p = 9 + -9. Let s be p*(-1)/(-2) + 192. What is the highest common factor of 24 and s?
24
Let s(v) = v**3 + 8*v**2 + 4*v - 8. Let p be s(-6). Suppose -4*m = -4*o - 28, 4*m + 3*o - 19 = 3*m. Calculate the highest common divisor of p and m.
10
Let o = -60 + 113. Suppose 2*g + 0*q = -4*q + 30, 5*g - q = o. Calculate the greatest common factor of 99 and g.
11
Let k be (38/(-57))/(1/(-270)). What is the greatest common divisor of k and 20?
20
Let k = 15 + 21. Let d = k + -20. What is the highest common factor of d and 48?
16
Let m(i) = i. Let r(o) = o**2 - 5*o. Let w(l) = 15*m(l) + 3*r(l). Let n be w(-1). Let q = -17 - -19. What is the greatest common factor of n and q?
1
Suppose -3*d + 2*c = -16, 4*d = -0*d + 2*c + 18. What is the greatest common divisor of d and 5?
1
Suppose -1 = g, 0 = 5*t - 0*g - g - 121. What is the greatest common divisor of t and 72?
24
Suppose -201*k + 448 = -199*k. What is the highest common divisor of 56 and k?
56
Suppose 4*x - 4*h = 28, 2*x = x - h - 3. Let r(f) = -f**3 - f - x + 0*f**2 + 0*f**2. Let a be r(-2). Calculate the greatest common factor of a and 1.
1
Suppose -5*x + 20 = -4*r - 17, 0 = 2*r + 6. Suppose -2*g = 3*f - 47, -25 = -x*f + g + 49. Calculate the highest common factor of f and 5.
5
Let o(p) = -p - 7. Let r be o(-7). Suppose 3*g - j = 82, -5*g + r*j = 3*j - 132. What is the greatest common factor of 18 and g?
9
Let v(w) = -3*w + 2 - w + 5*w - 2*w. Let x be v(-9). Calculate the greatest common factor of 77 and x.
11
Let x be (2 + -1)*(-1 - 12). Let d = -5 - x. What is the greatest common divisor of d and 72?
8
Let o = -22 - -72. What is the highest common divisor of o and 10?
10
Let x(p) = p**2 + 7*p + 3. Let q be x(-6). Let w = -3 - q. Suppose 5*k + 7 - 47 = w. What is the greatest common divisor of 40 and k?
8
Let y(o) = -o**2 - 6*o + 1. Let t = 7 - 12. Let v be y(t). What is the greatest common divisor of v and 48?
6
Let q = -9 - -18. Let g(w) = w**3 + 5*w**2 + 3*w. Let p be g(-3). Calculate the greatest common factor of q and p.
9
Let z = 9 + -4. Suppose h = -5*s + 20, -2*s + 3*h = 3*s. Suppose 0 = z*y + s*n - 104, -y + 2*n = 7*n - 34. Calculate the greatest common factor of 152 and y.
19
Let l be 3/(-9) + 1/3. Suppose l = o - 18 - 2. What is the highest common factor of o and 140?
20
Let q be 3/(30/(-4))*10. Let r = q + 8. Let z(p) = -p**3 - 35*p**2 + 36*p + 4. Let l be z(-36). Calculate the greatest common divisor of r and l.
4
Let b = 0 - 76. Let u = 175 + b. Let k = -10 + 21. Calculate the highest common divisor of u and k.
11
Let w be 4 - 1 - 3/1. Suppose -d + 4*f - 7 = w, -5*d + 0*f + 28 = f. Calculate the highest common divisor of d and 1.
1
Suppose 9 = -4*i + 29, v - 19 = -i. Suppose 4*t - 86 = -2. Calculate the highest common divisor of t and v.
7
Let z = -23 + 36. Let i = 100 + -61. What is the greatest common factor of z and i?
13
Let q(v) = v**2 + 8*v + 6. Let i be q(-9). Suppose 4*k - 3*k - 170 = h, -5*k = -2*h - 835. What is the highest common factor of i and k?
15
Let s = 3 + -5. Let v(t) = 16*t + 13. Let b(m) = -4*m - 3. Let g(h) = 18*b(h) + 4*v(h). Let f be g(s). Calculate the greatest common divisor of 21 and f.
7
Let m be 2/(-6) - 62/(-6). Let z = m + -9. Calculate the highest common factor of z and 5.
1
Suppose -3*g = -7*q + 4*q - 489, 0 = 4*g - q - 658. Calculate the greatest common divisor of 15 and g.
15
Let s be 1/6*2*(2 - -1). What is the highest common factor of 4 and s?
1
Suppose -270 - 1149 = -11*a. Calculate the highest common divisor of 86 and a.
43
Let g(k) = -4*k. Let r(l) = -1. Let j(f) = -g(f) + 4*r(f). Let y be j(3). Let z = 26 - y. Calculate the highest common divisor of z and 45.
9
Let r be (-3)/(5/(-30)*1). What is the greatest common divisor of 126 and r?
18
Suppose p + 140 - 184 = 0. Suppose -2*m + 8 = 4*s, -38 + 10 = -4*s + 3*m. What is the greatest common divisor of p and s?
4
Suppose -14*y + 13*y = 